 - (-15)/(-6))/((-5)/(-10)). Let b(z) = z**2 - 2*z + 4. Calculate b(i).
7
Let g(a) = 4*a + 10. Let j be g(5). Suppose -5*d - 2*i = -6 - 3, 0 = 5*d - 5*i - j. Let y(k) = -7 - 2*k**2 + 2*k - 3*k - 4*k + d*k**2. Determine y(6).
-1
Let d(n) = n**2 + 9*n - 1. Let p(a) = -4*a**2 - 28*a + 3. Let h(c) = 7*d(c) + 2*p(c). Let i be 12/66 + (-128)/(-22). Calculate h(i).
5
Let s(r) = r**2 - 2*r. Let w(p) = p**3 - 2*p**2 - p. Let l(g) = 3*s(g) - w(g). Calculate l(5).
-25
Let k = -33 + 33. Let o(l) = -3*l + k*l + 2*l + 2*l. Calculate o(5).
5
Let n(q) be the third derivative of -q**4/24 - 5*q**3/3 + q**2. Let y be 21/2*(-114)/171. What is n(y)?
-3
Let g(p) be the first derivative of -p**2/2 + 3*p - 337. What is g(-9)?
12
Let y(a) = -a - 4. Suppose 3*v + 4*g = 1 + 5, -5*g = 0. Suppose -4*k - 2*u - 16 = 0, -5*k = -4*k - v*u + 4. Calculate y(k).
0
Suppose 0 = -3*r + 9, -3*r - 2*r = -5*g - 50. Let i(w) = -w - 3. Let a be i(g). Let u(x) = a*x**3 + 2*x**3 - 7*x**3 - x**2. What is u(-2)?
4
Let t(l) = -2*l + 17. Let o(d) = 14*d - 142. Let m be o(11). Determine t(m).
-7
Let w(y) = y**2 + 6*y + 7. Let z(r) = -5*r - 3*r + 9*r + 8. Let o be z(-14). Determine w(o).
7
Let m(h) = -22*h**3 + h**2 + h - 1. Let o(w) = -w**2 - 7*w + 31. Let l be o(-10). Let i(z) = z**2 - 3*z + 3. Let q be i(l). What is m(q)?
-21
Let m(x) = 12*x**2 + 2. Suppose 0 = -3*o + 3*v + 12, -22*o + 21*o - v = 0. Determine m(o).
50
Let p(r) = 3 + 5 - 4 - 5. Let g(m) = -m + 1. Let s(h) = 3*g(h) + 5*p(h). Give s(-4).
10
Let w(o) = 9*o - 4. Suppose -u - 14 = -4*j - 12, -4*u - 4*j + 12 = 0. Calculate w(u).
14
Let d(q) = -q**3 + 8*q**2 - 8*q - 8. Suppose 0 = -2*u + 4*u - 6. Suppose j - u*y = 1, 0 = 5*j + 8*y - 4*y - 43. Determine d(j).
-15
Let q(g) = g**2 + 7*g - 5. Let j = 9 - 4. Suppose z = 2*z + j, 5*b + 15 = 4*z. What is q(b)?
-5
Let p(g) = -62 + 38 - g + 27. Determine p(-3).
6
Let v(p) be the third derivative of -p**4/6 - p**3/6 - 5*p**2. Suppose -6*u + 4*x = -u - 264, 180 = 3*u + 3*x. Let g be 3/(-15) + u/(-20). Calculate v(g).
11
Let t(z) = -z + 3. Let l be t(-4). Let y(j) = -j**2 + 5*j + 18. Let g be y(l). Let w(q) = -3*q**2 + 0*q - 5*q + 2*q - 5 + q**3. What is w(g)?
-1
Let c(z) = 10*z**3 - z**2 + 2*z - 2. Let f = -170 - -171. Calculate c(f).
9
Suppose 0*o = -3*g - o + 4, 4*g - 5*o - 37 = 0. Let f(n) = -3*n**2 + 0*n**3 - n**3 - 10*n + n + g + 12*n. Let q(v) = v - 10. Let z be q(7). What is f(z)?
-6
Let g = 1 - 6. Let i(u) = -3*u**2 - 26*u + 15. Let m(j) = j**2 + 9*j - 5. Let z(d) = d - 1. Let a be z(7). Let w(n) = a*i(n) + 17*m(n). Give w(g).
-5
Let p be 5*((-72)/20)/2. Let a(u) = u**2 + 1. Let i(d) = d**3 + 11*d**2 + 9*d. Let g(c) = a(c) - i(c). Determine g(p).
1
Suppose 0*o + 21 = -3*o. Let g(u) be the first derivative of u**5/20 + 7*u**4/12 + 7*u**2/2 - 51*u - 54. Let c(p) be the first derivative of g(p). Give c(o).
7
Suppose 3*f - 12 = 2*m - 42, 0 = -f + m - 10. Let x(j) = -j - 7. Calculate x(f).
3
Let o(n) = 0 - 6*n + 1 + 0*n - n**3 + 5*n**2. Suppose 7*b - 602 = -574. Give o(b).
-7
Let o(h) = 25*h**2 - 14*h + 13. Let n(v) = -29*v**2 + 14*v - 13. Let a(s) = -6*n(s) - 7*o(s). Calculate a(12).
11
Let l(w) be the third derivative of w**5/60 - w**4/6 + w**3/2 + 60*w**2. Determine l(4).
3
Let i(l) = -2*l - 25. Let b be i(-16). Let r(f) = -f**2 + 4*f + 14. Determine r(b).
-7
Let t(o) = 0 + 2 + 4 - 2*o**3 + 109*o + o**2 - 107*o - 4. Give t(-2).
18
Let v(z) = -z - 5. Let i(w) = -21*w + 20*w + 3 - w**2 - 2. Let q(c) = 2*i(c) + v(c). Determine q(-2).
-5
Let b be (32/4)/4*-19. Let v = b + -25. Let t be 14/v - (-14)/(-18). Let u(h) = h**3 + h**2 + h. Calculate u(t).
-1
Let r(q) = 2 - q**2 + 23 - 28 - 15 + 11*q. What is r(8)?
6
Suppose 56*k - 218 = 174. Let z(m) = 4*m**2 - 8*m - 6. Let o(x) = x**2 - 1. Let g = 5 - 2. Let v(n) = g*o(n) - z(n). Give v(k).
10
Let j(w) = w**3 + 5*w**2 + 5*w - 4. Let s(u) = -u**3 - 12*u**2 - 13*u - 3. Let d be s(-11). Let a = 15 - d. Calculate j(a).
-8
Let h(p) = p**3 + 3*p**2 - 2*p. Let o be h(-3). Suppose -6 = 3*l - 6. Let a(s) = -s**2 + 2*s**2 + l*s**2 + 2 + 0*s**2 - 7*s. Give a(o).
-4
Suppose 2*p - 3*j + 22 = -j, 48 = -4*p + 5*j. Let v(z) = 19*z**3 - 7*z**2 + 9*z - 4. Let d(g) = 5*g**3 + 2*g. Let b(f) = -4*d(f) + v(f). What is b(p)?
-11
Let o(m) = 2*m**2 - 6*m + 7. Let u be (5 - (-150)/(-40))*4. What is o(u)?
27
Suppose -2*f + 24 = 22. Let p(m) = 4 - 8*m + 7*m - 5 - f. Calculate p(3).
-5
Let f be 1/(1/(-3)*1). Let r(d) = -2*d - 4. Let q(o) = 2. Let x(c) = 3*q(c) + r(c). Determine x(f).
8
Suppose -2*k - 34 = -3*x - 2*x, 4*x = -3*k + 18. Let l(w) = w - 3. Let n be l(x). Let s(f) = 8 + f - 2 - n. Calculate s(3).
6
Let k(j) = -2*j - 13. Let b be k(-9). Let g(h) = -b*h - 2 + h**2 + 1 + 3*h. Let l be -6 - (9/(-1) + 4). Calculate g(l).
2
Let s(j) be the third derivative of 0*j**4 + 1/3*j**3 + 0*j + 0 - 7*j**2 - 1/60*j**5. Suppose -2*q + 3*d = -d + 4, 2*d - 2 = -5*q. What is s(q)?
2
Let k(j) be the first derivative of j**3/3 - 3*j**2 + 8*j + 21. What is k(0)?
8
Let z(k) = 2*k - 31. Suppose -17*s + 19*s - 28 = 4*l, 6 = s + 2*l. Give z(s).
-11
Let d(v) be the first derivative of -v**3/6 + 2*v**2 - 2*v - 10. Let p(u) be the first derivative of d(u). Let s = 1 + -1. What is p(s)?
4
Let t(d) = -2*d + 8. Let p be 3/(33/(-12) + 2) + 10. Give t(p).
-4
Let c(k) = k - 1. Let u(v) = v - 13. Let g(l) = 2*c(l) - u(l). Calculate g(-7).
4
Let c(m) = m**2 - m - 4. Let h be c(3). Let u(v) = 3*v. Determine u(h).
6
Let a(f) = 8*f. Let c = 150 + -214. Let j = -62 - c. Determine a(j).
16
Let x(w) = 4*w + 5. Let c be x(-3). Let d be c/(-5) + (-27)/(-45). Let j(k) = 3*k**2 - 4*k + 2. What is j(d)?
6
Suppose 5*q + j = -6, 4*q = -j - 3*j + 8. Let i = 29 - -5. Let f(w) = 3*w**2 + w**3 - w + 0*w + i - 36. What is f(q)?
4
Let w(b) be the third derivative of 5*b**4/24 - 7*b**3/2 - 18*b**2. What is w(4)?
-1
Let l(v) be the third derivative of -v**4/24 - 19*v**3/6 + 928*v**2. Calculate l(-5).
-14
Let l(n) = 3*n**2 + 7*n - 1. Let p be (-3)/(-6)*2*(1 + -4). Calculate l(p).
5
Suppose -q = -k + 2, -4*k = -5*q - 7 + 2. Let l be (6 - (-65)/(-10))/((-2)/8). Let z(f) = f**3 - 4 - l*f**2 + 5 - 4. Determine z(q).
6
Suppose -3*z = -6*z + 12. Let c(u) = -3*u**2 - 12*u**3 - 1 - 3*u - 6 + 2 + 3*u. Let y(r) = -23*r**3 - 5*r**2 - 9. Let d(x) = z*y(x) - 7*c(x). What is d(1)?
-8
Let l(d) = d**2 - 10*d + 4. Let f(s) = -s**3 - 10*s**2 - s - 1. Let b be ((0 + -1)*6 - 4)/1. Let p be f(b). Determine l(p).
-5
Let y(s) = 4*s - 3. Let a(i) = -6*i + 7. Let d(c) = -4*a(c) - 9*y(c). Determine d(-2).
23
Let c(u) be the second derivative of u**4/12 - 5*u**3/6 - u**2 - 66*u. Determine c(4).
-6
Let h(r) be the first derivative of r**5/20 + r**4/4 + r**3/2 + r**2/2 - 5*r - 13. Let o(p) be the first derivative of h(p). Determine o(-2).
-1
Let f(m) be the third derivative of m**5/60 - m**4/8 - m**3 + 287*m**2. What is f(3)?
-6
Let w(y) = 4*y**2 - 1. Let n(b) = -b**2 + 4*b + 59. Let i be n(10). Calculate w(i).
3
Let t(q) = q**3 + 5*q**2 + q - 1. Let w(z) = -2*z**3 + 18*z**2 - z + 4. Let g be w(9). What is t(g)?
-6
Let w(z) = -3*z - 39. Let h be w(-14). Suppose 7 - h = -2*p. Let n(d) = -3*d**2 - 1 + 5*d**2 + d - d**3 - 3*d**2. Give n(p).
1
Suppose 10 + 14 = t. Suppose 2*x - t = -2*x. Let y(c) = -5 + 3*c**2 - 4*c**2 + c + 6*c. What is y(x)?
1
Let l(y) = -2*y**3 + 5*y**2 + 5*y - 5 + 3*y**3 + 2*y**2. Suppose 0 = -36*r + 55 - 271. What is l(r)?
1
Let f(r) = -5*r - 42. Let b(s) = 14*s + 118. Let t(y) = -6*b(y) - 17*f(y). Let w(u) = u**3 - u. Let o be w(-1). Give t(o).
6
Let a(o) be the first derivative of -2*o**3/3 - 3*o**2/2 + 1. Let t = -61 - -88. Let i = t + -30. Give a(i).
-9
Suppose -2*a + 5 = -1. Let n(x) be the second derivative of x**5/20 - x**4/4 - 5*x**3/6 + x**2 - 2*x. Give n(a).
-13
Let o(p) = -p - 3. Let s(d) = -d**3 - 5*d**2 - 2*d + 6. Let i(l) = -l**3 + l**2. Let j be i(1). Suppose j = x - 0*x + 4. Let t be s(x). What is o(t)?
-1
Let v(i) = i**2 + 9*i - 9. Let y = -16 - -6. Give v(y).
1
Let x(s) = s**3 + 5*s**2 + 6*s + 9. Let a(r) = -12*r + 993. Let o be a(83). Give x(o).
9
Suppose 138*a + 10 = 148*a. Let h(l) = 19*l**2 + l. Determine h(a).
20
Let h be ((-9)/(-3))/(-12) + 10/8. Let b(g) = -4*g - 2. Calculate b(h).
-6
Suppose 0 = 2*q + 10*q - 72. Let c(b) = -b + 4. Give c(q).
-2
Let u(z) = -5*z - 5. Let q be u(-2). Let s(c) be the third de